(-45)). Give i(t).
7
Let w(u) = u**3 - 8*u**2 - 8*u - 6. Let q be w(9). Let a(p) = 0*p**3 - 23*p**2 - 8*p + 4 + 18*p**2 + 2*p**q - p**3. Calculate a(6).
-8
Let c(h) = h**3 + 4*h**2 + h - 1. Let o be 9/5 - 13/(-65). Suppose -k = -5*k + 24. Let n = o - k. Determine c(n).
-5
Let w be (-1)/((3/(-6))/(-1)). Let s be w/10 - (-114)/(-30). Let x(f) = -2*f**2 - 6*f - 2. Calculate x(s).
-10
Let g(a) = -a - 19. Let w be g(-16). Let r(x) = -x**3 - 4*x**2 - 3*x - 4. What is r(w)?
-4
Let r = 4 - 4. Let q(s) = r*s**3 + s**3 - 2*s**3 - s**2. Calculate q(-1).
0
Let f(d) = -7*d**2 + 10*d + 15. Let u(n) = 3*n**2 - 5*n - 7. Let v(w) = 4*f(w) + 9*u(w). Calculate v(-6).
-9
Let o(i) be the third derivative of 0 + 0*i + 2*i**2 + 1/3*i**3 - 1/8*i**4. What is o(4)?
-10
Let p(v) = v**3 + 6*v**2 + 5*v + 4. Let n(s) = s**2 - 14*s + 35. Let i be n(10). Calculate p(i).
4
Let j be 1 - 3*(-4)/(-6). Let f(l) be the second derivative of -7*l**4/24 + l**2/2 - l. Let y(p) be the first derivative of f(p). Determine y(j).
7
Let l = 37 + -19. Suppose 7*m = 4*m + l. Let n(i) = 2 - 6*i + 3 + i**2 + 1. Give n(m).
6
Let o be 3/9*3 + 9. Let y(p) = -p**3 + 9*p**2 + 9*p + 13. Let w be y(o). Let r(m) = -m**2 + 4*m - 2. Determine r(w).
1
Let k(o) = 2*o**2 - 11*o - 2. Let r(x) = -3*x**2 + 16*x + 3. Let w(u) = -7*k(u) - 5*r(u). Let m(g) = -3*g - 5. Let j be m(-3). What is w(j)?
3
Let w be (-1 - (-1 + -1))*1. Let c(b) = 4*b**2 + 4*b. Let v(j) = -j**2 - j. Let m(s) = -c(s) - 5*v(s). What is m(w)?
2
Let w(o) = -5*o + 3. Let g = 0 - -4. Suppose -10 - 2 = -g*x. Suppose -3*z - 2*q = 2*z - 10, 0 = -5*z - x*q + 10. Determine w(z).
-7
Let k(l) be the second derivative of -1/4*l**4 + 1/2*l**2 + 5*l + 0*l**3 + 0. Determine k(1).
-2
Let o(m) = -2*m**3 + 14*m**2 + 18*m - 27. Let t(a) = -a**3 + 7*a**2 + 9*a - 13. Let l(b) = 6*o(b) - 13*t(b). Give l(8).
-1
Let r(y) be the third derivative of 0 + 0*y**4 + 0*y - 1/30*y**5 + 1/3*y**3 + y**2. Give r(-2).
-6
Let w(y) = -2*y**3 + 2*y**2 + 2*y - 2. Let b be ((-3 - -3)/3)/1. Suppose 0*n - 4*i = -n + 18, b = 3*n + 5*i + 14. Determine w(n).
-6
Let t(d) = d**3 + 4*d**2 + 2*d + 3. Suppose 5*b + 68 + 22 = 0. Suppose 2*s + 5*w - 175 = -3*s, 5*s - 2*w = 182. Let z be (-116)/s - 4/b. What is t(z)?
6
Suppose -4*o = 3*h - 35, -15 = 2*h - 7*h + 2*o. Let x(i) = i**2 - 6. Give x(h).
19
Suppose 5 = -8*o + 13*o. Let v(j) = 7*j**3 - j**2 + j - 1. Give v(o).
6
Let b(g) = -3*g**3 + 2*g**2 + g + 2. Let m = 4 + -5. Let k(a) = -a - a**2 - a**3 + 0*a - 2 + 3. Let j(s) = m*b(s) + 4*k(s). Calculate j(-5).
2
Let w(d) = 5*d - 2. Let f(t) = -8*t - 16. Let y(b) = -b - 1. Let c(v) = 2*f(v) - 18*y(v). Let o be c(6). Give w(o).
-12
Let o(p) = -1 - 7*p + 7*p - 6*p**2. What is o(-1)?
-7
Let s(v) = -v**2 + 2*v. Let d(w) = w**2 - 9*w + 2. Let z be d(9). Let c be s(z). Let m(n) = -n - 7. Calculate m(c).
-7
Suppose 5*p - 2*y + 71 = 0, -5*y = 5*p - p + 37. Let n = -17 - p. Let r(z) = -z**3 - 5*z**2 + 3. Determine r(n).
-13
Let m(r) = -26*r**2 + 74*r**2 - 23*r**2 - 23*r**2 + 3 - r - 2. Let a = -1 + 2. Calculate m(a).
2
Let i(f) = -2*f + 18 - 3*f**2 - 10 - 7 + f**3. Determine i(3).
-5
Let m(q) be the third derivative of -q**5/120 + q**4/8 - 5*q**3/6 - 4*q**2. Let a(v) be the first derivative of m(v). Calculate a(5).
-2
Let d = 12 + -18. Let c(z) = z**3 + 6*z**2 + z + 4. Calculate c(d).
-2
Suppose -10 = 5*a - 0*a. Let j = 11 - 8. Let h(c) = 4*c**3 - 3*c**3 + 2*c**2 + 3*c**2 + j*c. What is h(a)?
6
Let c(f) = -f**2 + 3. Let d(q) = q**3 - 10*q**2 + 8*q + 9. Let k be d(9). Suppose -3*y + 4*y = k. Let i(x) = x**2 + x. Let u be i(y). Calculate c(u).
3
Let u(i) = -i**2 - 11*i - 3. Let d be u(-10). Suppose -d*z + 4*z + 18 = 0. Let p be (-6)/(3/z + 1). Let l(b) = b**2 + 6*b + 5. What is l(p)?
-3
Let g = 103 - 101. Let n(c) = -2*c**2 - 1. Determine n(g).
-9
Suppose -3*g = -2*d + 3*d - 16, 2*d - 2*g = -8. Let h(f) be the second derivative of -1/3*f**4 + 1/2*f**2 + f - 1/3*f**3 + 0. What is h(d)?
-5
Let j(d) = d + 3*d + 6*d**2 - d**3 - 6*d + 4. Determine j(6).
-8
Let y(t) be the first derivative of 7 - 8*t - 1/4*t**4 + 8/3*t**3 - 7/2*t**2. What is y(7)?
-8
Suppose -3*q = -6*q. Let t(u) = 5 + 3*u**3 + u**3 + u**2 + u**3 - 6*u**3 + u. What is t(q)?
5
Suppose -3*z + 5*v - 26 = v, 0 = -4*z - 5*v + 17. Let p(i) = i**3 - i**2 - i. Calculate p(z).
-10
Let y = -2 - -8. Let q(i) = -4*i - 2 - 6 - i**2 + y - 2. Give q(-5).
-9
Let q(r) = r**2 + 3 - 10 - 2*r**2. Let p(x) = -2*x**2 + x - 20. Let a(m) = -3*p(m) + 8*q(m). Suppose -3*d - 2*k = 1, -2*d - 2*d + 3*k - 24 = 0. Determine a(d).
-5
Let s(f) = -f**3 - 4*f**2 - 4*f - 1. Let v = -1 + 3. Let a(y) = -y**2 + 2*y - 3. Let b be a(v). Determine s(b).
2
Let r = -2 - -5. Let h(f) = -r*f - 2*f + 2*f. Determine h(1).
-3
Let n = -31 - -34. Let z(t) = -3*t - 1. Let o(i) = -9*i - 2. Let v(w) = -3*o(w) + 8*z(w). Determine v(n).
7
Let v(p) = 2*p - 1. Let b be 16/(-24) + 2/(-6). Calculate v(b).
-3
Suppose 0 = 2*z - 4*z + 2*g + 6, -4*z + 39 = 5*g. Let c(v) = v**2 - 6*v + 4. What is c(z)?
4
Let g(y) = y**3 + 4*y**2 + 2*y + 3. Let j(b) = 7*b**2 - 24*b + 3. Let x(m) = -4*m**2 + 12*m - 1. Let n(z) = -3*j(z) - 5*x(z). Let c be n(12). Determine g(c).
-5
Let x(a) = 7*a**2 - 2*a + 1. Suppose 4*z = -2 + 6. Determine x(z).
6
Let g(w) = -w**2 + w. Let a(h) = -h**3 - 2*h**2 + 2*h. Let f(s) = 2*a(s) - 5*g(s). Give f(-2).
22
Suppose 5*h + 55 = 5*i, -4*h + h + i - 25 = 0. Let f(j) = -j**3 - 6*j**2 + 9*j + 10. Give f(h).
-4
Let d = -13 + 16. Let p(q) = -q**2 + 2*q - 3. Determine p(d).
-6
Let x(k) be the first derivative of -k**4/4 + k**3/3 + k**2 - k + 1. Let h be 2/2 - (0 - 2). Let w be (h - (3 + -2))*-1. Calculate x(w).
7
Let t(x) = -3*x - 2. Let p = 12 - 18. Calculate t(p).
16
Let x(z) = -z - 3. Let q = 6 + -12. Determine x(q).
3
Suppose -3*j = -5*j + 4. Let p(g) = -2 + j*g**2 + 1 + g - g**3 - 2 - g**2. Give p(0).
-3
Let j(x) = -x**3 - 9*x**2 - 7*x - 1. Let t = -5 + 2. Let o(u) = u**3 + 10*u**2 + 7*u. Let i(p) = t*o(p) - 4*j(p). Let z = -5 - 0. Give i(z).
-6
Let c(b) = -2*b**2 + 6*b + 1. Let i be c(4). Let u(f) = -f - 4. Determine u(i).
3
Let m(s) = s - s + 1 + 4*s. Suppose 6*c - 3*c = 6. Suppose 0 = -c*l + 5*o + 13, 3*l + o + 3 + 3 = 0. Determine m(l).
-3
Let s(m) = 3*m. Let t(a) = -a. Let w(d) = 2*s(d) + 5*t(d). Suppose -4*z = 3*v - 3, v + 15 = 4*v. What is w(z)?
-3
Let s(x) = -x + 16. Let u be s(11). Let z(q) = q**3 - 4*q**2 - 5*q - 1. What is z(u)?
-1
Let w = 2 + 0. Let q = -2 + w. Suppose 0 = -2*j - q*j. Let c(v) = v + 4. What is c(j)?
4
Let a(v) = 17*v**2 - 1. Let m be (-2)/13 - 165/(-143). Determine a(m).
16
Let s(h) be the third derivative of h**5/60 - h**3/6 + 6*h**2. Determine s(2).
3
Let p = -13 - -14. Let w(c) = 5*c + 1. Give w(p).
6
Let u(g) = -2*g + 4. Suppose 2*k - 5 = 1. Let t be 1 + -8*k/(-6). What is u(t)?
-6
Let p(u) = u**3 - 7*u**2 + 5*u + 10. Let y be p(6). Let l(s) = -y + 2*s - 2*s + 4*s + s**2. Calculate l(-6).
8
Let i(q) = q**2 - 3*q - 5. Let b be i(4). Let j(m) = -18*m - 1. What is j(b)?
17
Let o(s) be the first derivative of 4 - 4*s**2 + 2*s + 1/3*s**3. Give o(8).
2
Let t(x) = 10*x**2 + 5*x - 7. Let p(o) = 7*o**2 + 3*o - 5. Let h(n) = -7*p(n) + 5*t(n). Let a(y) = -y**2 - 10*y + 9. Let f be a(-11). What is h(f)?
-4
Let v = 3 + -8. Let m(p) = p**2 + 4*p + 3. Let r be m(-4). Let k(y) = y**3 + r*y**3 - 3*y**3 - 1 - 6*y + 4*y**2. Give k(v).
4
Let n be (-18)/14 + (-4)/(-14). Let u(s) = -s. Let w(b) = -b**2 + 8*b - 1. Let g(r) = n*w(r) - 3*u(r). Determine g(4).
-3
Let d(v) = -26*v**3 - 3*v**2 - 2*v - 11. Let w(y) = 9*y**3 + y**2 + y + 4. Let g(t) = 3*d(t) + 8*w(t). What is g(1)?
-6
Let c be (1 - 20/8)*-4. Let m(t) = -t + 7. Calculate m(c).
1
Let f(l) be the third derivative of l**5/60 + l**4/12 + l**3/6 + 5*l**2. Determine f(-3).
4
Let f(y) = 11*y - 8*y + 7*y + 3. What is f(-2)?
-17
Let x(w) be the first derivative of w**2/2 - 6*w + 46. Let r = -2 + 4. Suppose -6 = -2*b - r*v, 5*b - 3*v - 45 = 2*v. Determine x(b).
0
Let k(a) be the second derivative of a**4/12 + a**3/2 - 2*a**2 + a. Let f(u) = -14*u + 4. Let x be f(3). Let p = x - -34. Calculate k(p).
0
Let k = 10 + -6. Let v(z) be the first derivative of -5/2*z**2 - z**3 - 1 + 1/4*z**4 + z. What is v(k)?
-3
Let t(c) = -c + 2. Let w(r) = 3*r - 5. Let g(l) = -7*t(l) - 2*w(l). What is g(5)?
1
Suppose -2*r - 15 = -3*c + 2*r, 0 = r + 3. 